t g be (-9)/15 - 2*(-7145)/25. Suppose 695 = 3*f - 3*b - g, 8 = 4*b. What is the tens digit of f?
2
Let q(n) = 776*n - 2. Let y be q(-5). What is the tens digit of (-1 - -3)*(-7)/(42/y)?
9
Let l(a) = a**3 + 2*a**2 - 5*a - 6. Let u be l(-3). Suppose u = 10*p + 1239 + 811. Let y = 305 + p. What is the units digit of y?
0
Suppose -24*x + 25*x - 900505 = -94*x. What is the thousands digit of x?
9
Let t = 17571 + -10228. What is the thousands digit of t?
7
Suppose 0 = -6*i - 0*i - 90. What is the hundreds digit of 407 - (-1)/(0 - 3/i)?
4
Let j(f) = 4*f**3 - 81*f**2 - 55*f - 78. What is the ten thousands digit of j(28)?
2
Suppose -33*s + 148 = 16. Suppose 18*u + 5*z = 19*u - 692, s*u - 2723 = 5*z. What is the tens digit of u?
7
Let u = -9243 - -13426. What is the hundreds digit of u?
1
Let r(n) be the second derivative of 7*n**3/3 - 3*n**2 - 25*n. Let b(t) = 2*t - 4. Let o be b(4). What is the units digit of r(o)?
0
Let g = 26503 + -11450. What is the tens digit of g?
5
Let r = 47 - 43. Suppose 2*z = m, 5*m + r*z - 6 = 8. Suppose -2*p + 435 = -0*p + 5*c, m*p - 2*c - 470 = 0. What is the units digit of p?
0
Let k = -87 - -105. What is the units digit of 5/((-120)/k) + 1439/4?
9
Suppose 4*o + 2*t = 40, -2*o - 20 = -6*o + 3*t. Suppose c = 2*g - 265, -o*c + 3*c - 665 = -5*g. What is the units digit of g?
2
Let b = 33 - -54. Let z = 0 - -2. Suppose -z*v - 4*j + 178 = -0*j, -v - 4*j + b = 0. What is the units digit of v?
1
Suppose -3*d + 0*z - 68 = -z, 68 = -2*d - 5*z. Let h be ((-474)/d)/((-1)/(-4)). Let w = 69 + h. What is the hundreds digit of w?
1
Suppose -290*j - 68970 = 294*j - 586*j. What is the ten thousands digit of j?
3
Suppose 5*c - 46 = v, -2*c - 2*v - 29 = -5*c. Suppose 3*d = -y - 14, -y - d + 3 = c. What is the units digit of (15/30)/(y/(-8))?
2
Suppose -s + 37637 = 2*b, b + s - 4*s = 18822. What is the thousands digit of b?
8
Suppose -l + 124 = 119. Suppose 111*d + 1082 = 112*d + l*k, -3*d + 3262 = -k. What is the tens digit of d?
8
What is the tens digit of 4434*6*(-99)/(-324)?
2
Let m(n) = 2*n**2 - 6*n + 44. Let k be (-14)/2*(-8)/7. What is the tens digit of m(k)?
2
Let f = 25304 + -13984. What is the units digit of f?
0
Suppose -8*y + 5*y - h = -3715, -2*y + 2485 = -h. Suppose y = 5*q - 4*q. What is the thousands digit of q?
1
Let v be (-6729)/5 + 4/(-20) + 4. Let p = v - -2004. Suppose -d = -b - 170, -4*d + b - 6*b = -p. What is the tens digit of d?
6
Let h(z) = -21*z - 13. Let d be h(-1). What is the tens digit of 56/d + 713 + -2 + 5?
2
Suppose -3*i + 0*b - 26 = b, -20 = 3*i - 2*b. Let p(m) be the third derivative of m**4/8 + 23*m**3/3 + 20*m**2. What is the tens digit of p(i)?
2
What is the ten thousands digit of (2183/(-74))/((-3)/(-3 + 4737))?
4
Let k be (-48)/18*(-2 - (-10)/8). Suppose -3*u + 3129 = -2*o, k*u = o + 3*o + 2094. What is the tens digit of u?
4
Suppose 7*o + 2*j = 3*o - 4178, 3*o = 2*j - 3123. Let c = -559 - o. What is the hundreds digit of c?
4
Suppose 0 = 5*b - 4*m - 126257, -b + 856*m = 859*m - 25240. What is the units digit of b?
9
Suppose -9*g + 10*g = 2*b + 2012, -3*b + 4017 = 2*g. Let o = g + -629. What is the units digit of o?
1
Let u = -13 - 2. Let q(i) = -i**3 - 11*i**2 + 18*i + 41. What is the hundreds digit of q(u)?
6
Suppose 0 = 3*h - 2*z - 32, 4*z + 53 = 5*h + z. Suppose -h = 5*u, -3*g - 3*u = -8*u + 404. What is the tens digit of g/(-4)*(4/3)/1?
4
Suppose 819 = -127*n + 140*n. Let w(s) = 18*s - 1. Let l be w(-2). Let z = l + n. What is the tens digit of z?
2
Suppose -5*t + 2*s - s + 47 = 0, -2*t + 5*s + 5 = 0. Suppose -8 = y + t. What is the tens digit of (-1)/(-3) - 2082/y?
1
Let v = 1478 + -125. Let d = v - 2. What is the thousands digit of d?
1
Let i be 588/126 - ((-2)/(-3) + -1). Suppose -i*a + 3*r = -776, -774 = -3*a - 2*a + 2*r. What is the units digit of a?
4
Let y be ((-5571)/2 - -3)*4/(-5). Let d be ((-2)/(-3))/((-28)/y). Let q = 131 - d. What is the tens digit of q?
8
Let a(l) be the second derivative of 8*l**4/3 - 7*l**3/3 + 17*l**2 - 6*l - 1. What is the tens digit of a(4)?
9
Suppose 5*x = -2*k + 17748, k + 2*x - 8874 = -2*x. What is the units digit of k?
4
Let p(c) = 19117*c**3 - 3*c**2 + 6*c - 4. Let f be p(1). Suppose 13*l + f = 25*l. What is the thousands digit of l?
1
Suppose -31394 = -7*d - 5*d + 3202. What is the hundreds digit of d?
8
Suppose 8*k + 3*g = 4*k + 21, -2*g = -2*k + 14. What is the units digit of 206/(-6)*(k + -19 + 7)?
6
Let d = 63287 + -36035. What is the units digit of d?
2
Let o(m) = -m**3 + 6*m**2 + 5*m - 25. Let f be o(6). Suppose -4*j + 5*n = -28, 3*j = f*j - 4*n - 8. Let w(x) = 13*x - 31. What is the tens digit of w(j)?
2
Let x = 75258 - 46813. What is the hundreds digit of x?
4
Let y = 1292 + -1382. Let m(f) = -120*f - 1. Let r be m(1). Let h = y - r. What is the tens digit of h?
3
What is the units digit of ((-247952)/14*581/(-830))/(2/5)?
4
Let n(p) = p**2 - 1. Let j(a) = 7*a**2 + 38*a - 52. Let y(u) = j(u) - 4*n(u). What is the units digit of y(-14)?
8
Let z(x) = -13*x + 5. Suppose -4*f + 5*n = f, 4*f - n + 15 = 0. Let r(q) = q. Let t(k) = f*r(k) - z(k). What is the units digit of t(4)?
7
Suppose -3*z - 20 = -2*b + z, -5*z + 15 = 0. Suppose 0 = 28*t - b*t - 1836. What is the hundreds digit of t?
1
Let c = 2991 + 35. What is the tens digit of c?
2
Suppose -15*n - 250 + 40 = 0. Let o = n + 151. What is the hundreds digit of o?
1
Suppose -83 = -42*y - 251. Let c(z) = -8*z**3 - z**2 - 10*z + 6. What is the hundreds digit of c(y)?
5
Suppose -s - 98 = -2*b, 0 = 5*b - s - 8 - 243. Let u = b + -65. What is the tens digit of (-805)/u*8/10?
4
Let a = 14162 + -8482. What is the hundreds digit of a?
6
Let d(t) = 85*t + 154. Suppose 4*a = -r + 5*r + 84, 0 = -3*a + r + 53. What is the thousands digit of d(a)?
1
Let r(a) = 43*a**2 + 16*a - 32. Let f be r(9). Suppose -82*d = -77*d - f. What is the units digit of d?
9
Suppose 337*a + 11145 = 338*a - 2*i, 12 = 2*i. What is the units digit of a?
7
Let r(v) = -147 + 95 - 9*v + 96. What is the units digit of r(4)?
8
Let n = 67 + -73. Let z(j) = 3*j**2 - 4*j - 15. What is the tens digit of z(n)?
1
Let g = -181 - -75. Let l = 191 + g. Suppose a - l = 66. What is the units digit of a?
1
Let v = -22975 + 66782. What is the hundreds digit of v?
8
Let q be (1 + 27)/(-7) - 8*-1. Suppose -q*b + 538 = -2194. What is the units digit of b?
3
Suppose 6*n - 12 - 6 = 0. Suppose n*u + 12 = -63. Let g = u + 50. What is the units digit of g?
5
Let v(g) = 29*g + 3. Let q be v(9). Suppose 0 = -s - 3*s - q. What is the tens digit of (4180/s)/(3/((-9)/2))?
9
Suppose k = -3*v - 35, -15*v + 11*v - 3*k - 55 = 0. What is the units digit of 40*v/60*(-201)/2?
0
Let r = 7674 + 9960. What is the thousands digit of r?
7
Let a(x) be the first derivative of 49*x**3/3 - 11*x**2/2 + 3*x - 20. Let r be a(3). Suppose 3*i = -2*u + r, 5*u + 2*i - 189 = 855. What is the tens digit of u?
1
Let h(j) = -50*j + 702. Let y be h(14). Suppose 0 = a - 0*a - 5. Suppose -10 = -a*l, 3*t - 12 - 130 = -y*l. What is the units digit of t?
6
Suppose -3938270 = -73*r + 1507384. What is the thousands digit of r?
4
What is the hundreds digit of 39925/(-5)*(23/115 + 4/(-2))?
3
Let l be ((-438)/(-365))/((1/(-1))/115). Let k = -32 - l. What is the units digit of k?
6
What is the units digit of (50866/6 + 1)*(15 + (-675)/50)?
8
Let v = -22464 - -55710. What is the units digit of v?
6
Let s(j) = j**2 + 11*j + 21. Let d be s(-9). Suppose 8*c - d*c - 4 = 4*f, -4 = 4*f - 3*c. What is the units digit of (f + -59)*8/(-10)?
8
Let a = -93 + 99. Let l be (a/21)/((-11)/(-77)). Suppose -l*d = 3*d - 495. What is the units digit of d?
9
Suppose 0 = -u + 8. Let y = -8 + u. Suppose y = -5*k + 199 + 96. What is the units digit of k?
9
Let r(g) = -g + 9. Let o be r(-16). Suppose 26*i = o*i + 1705. What is the tens digit of i?
0
Let n(s) = s**3 + 5*s**2 - 7*s - 2. Let h be n(-5). Suppose 15 = -4*i + 3*j, 4*i - i + 5*j + h = 0. What is the units digit of -2 + (-3)/i*12?
4
Suppose 13*z = -92*z + 2310482 + 2449798. What is the hundreds digit of z?
3
Suppose 0 = 5*l - 5907 + 382. Suppose l = 5*j + 4*t, 8*j = 3*j + 4*t + 1145. What is the units digit of j?
5
Suppose 3079 = 2*g + 85. Suppose 5*h = -3*p + g, -3*p = -13*h + 16*h - 903. What is the hundreds digit of h?
2
Suppose -3*i + 7 = 7. Let a be (49 - i) + 0